3 + 3*x. Let g = -3863 - -3858. What is z(g)?
9
Let s(o) = -58*o + 15*o + 35*o + o**2 + 19. Give s(8).
19
Let b(n) = -1842*n + 614*n + 616*n + 3 - 30 + 615*n. Calculate b(9).
0
Let s(m) = -27*m - 15. Let p(b) = -5*b. Let h(l) = 5*p(l) - s(l). Let j(r) = r - 16. Let k be j(6). What is h(k)?
-5
Let v(a) = 2*a - 4. Suppose 55 = -3*p + 70. Let g be (p/(23 - 8))/(1/12). Suppose g*z + 4*s = 0, s - 11 = 3*z + 1. Calculate v(z).
-10
Let i(t) be the first derivative of t**4/4 - t**3 - 5*t**2/2 + 4*t + 1. Suppose 151*c + 456*c - 1812 = 3*c. What is i(c)?
-11
Let f(i) = -i**3 + 2*i**2 + i - 10. Let p(g) = 2*g**3 - 10*g**2 - 7*g + 36. Let t(l) = -3*f(l) - p(l). Determine t(1).
3
Let y(m) = -m**2 - 2*m - 8. Suppose 41*p - 2418 = 47*p. Let q = p + 397. What is y(q)?
-32
Let u(p) be the third derivative of p**4/4 - 11*p**3/6 - 3244*p**2. Determine u(2).
1
Let a(v) = v**3 + 29*v**2 - 33*v - 91. Let k(j) = 858*j - 4320. Let d be k(5). What is a(d)?
-1
Let o = -2 + 2. Let y(l) = -l + 6. Let w be (-2)/(6/12 - 0) - 0. Let i(m) = -5*m + 33. Let f(v) = w*y(v) + i(v). What is f(o)?
9
Let t = 21 + -27. Let g(z) = -5*z**2 - 4 + 12*z**3 + 7*z + 8*z**3 - 30*z**3 + 9*z**3. Determine g(t).
-10
Let r be ((-54)/(-4))/(-9) + 10/4. Suppose -f + r = 3*x, 2*f + 2*x = 6 + 4. Let n(j) = 463 + 10*j - 3*j**2 + 2*j**2 - 460. Give n(f).
24
Suppose -5*w + 31 + 6 = 4*y, -y + 4*w + 25 = 0. Suppose 3 - y = -5*q. Let b(d) = -4 + 1 - 4*d**q + 15*d - 14*d + d**3. Determine b(4).
1
Let a(w) be the second derivative of -w**5/30 + w**4/12 - w**3/3 - 27*w**2/2 + 64*w. Let s(c) be the first derivative of a(c). What is s(2)?
-6
Let n = 27 + -27. Suppose 81*k - 75*k + 6 = n. Let m(i) = -11*i - 3. Let v(d) = d + 1. Let s(g) = 2*m(g) + 6*v(g). Give s(k).
16
Let b(u) = -28*u + 9*u**2 - 153 + 207 - 10*u**2. Let i be b(-30). Let o(f) = 2 + 3*f + 6 - 2. Determine o(i).
-12
Let n(y) be the second derivative of y**3/3 + y**2 + y. Let o be ((-6)/16)/((-234)/(-2496)). What is n(o)?
-6
Let u(p) = 42*p**2 + 1 + 45*p**2 - 82*p**2 + 2*p. Let r(k) = -k**2 - 7*k + 18. Let b be r(-8). Let z = -11 + b. What is u(z)?
4
Let p = -121 - -127. Suppose 5*g - 34 = -3*x, x - 3*g = -6 - p. Let r(h) = h**2 - 5*h + 2. Give r(x).
-4
Let i(a) = -6*a + 41. Let c be i(6). Suppose -14 = -c*v + 3*x + 11, 5 = -5*v - 3*x. Let h(z) = -2*z**3 + z**2 + 3*z - 1. What is h(v)?
-7
Let i(t) be the first derivative of -t**4/4 - 2*t**3/3 + 11*t**2/2 + 7*t + 5467. Calculate i(-5).
27
Let i(t) = 2*t**3 - 14*t**2 + 12*t + 2. Let v be i(1). Let x(d) = 8*d**3 - d**2 + d - 5. Calculate x(v).
57
Let d(u) = 2*u**2 + 117*u + 488. Let g be d(-54). Let y(i) be the third derivative of 20*i**g + 1/2*i**3 + 1/12*i**4 + 0 + 0*i. Determine y(-2).
-1
Let n(w) = 3*w**3 - w - 4*w**3 - 2*w**2 + 20 + 26 - 9 - 70. Let y be n(-4). Let p(t) = -4*t - 3. Determine p(y).
-15
Let g(b) be the second derivative of b**4/12 - 4*b**3/3 + b**2 + 7076*b. Give g(9).
11
Let o(d) = 10*d**2 + 27*d + 15. Let n(i) = 3*i**2 + 9*i + 5. Let b(x) = -7*n(x) + 2*o(x). Suppose -140 = -33*y - 404. Give b(y).
3
Let i(v) = 3*v**2 + 3*v + 1. Let g(x) = x**2 + 8*x - 61. Let m be g(-13). Suppose p - 2 = -4*c + 13, 0 = -4*p - m*c + 12. Determine i(p).
1
Suppose -l = 12 - 14. Suppose l*i - 16 = v, -2*v = 2*i - 4*v - 16. Let b(t) = -t**3 + 9*t**2 - 9*t + 11. Give b(i).
3
Let b(x) be the third derivative of x**8/6720 + x**6/360 - x**5/40 - 5*x**4/4 - x**3/6 + 16*x**2. Let o(c) be the second derivative of b(c). What is o(2)?
9
Let x(d) = -2 + 1276*d**3 - 2548*d**3 + 1273*d**3 + 10*d**2 - d + 4. What is x(-10)?
12
Let k(u) = -3*u + 4. Let g(y) = -2*y**2 - 11*y + 16. Let f be g(-10). Suppose 2*w + 158 - 18 = 0. Let p = w - f. Calculate k(p).
-8
Let o(j) = -j**3 - 7*j**2 + 7*j - 4. Let r be o(-8). Suppose r*f = 14 + 2. Let l(y) be the second derivative of -y**3/6 + y**2 + 1083*y. Calculate l(f).
-2
Let u(p) = -7*p + 31. Suppose 0 = 2*g - o - 13, o = -4*g + 16 + 13. What is u(g)?
-18
Suppose 2*b - 12 = 6. Let j(c) = 2*c - 13*c**2 + 3*c**2 + b*c**2 + 5*c. What is j(7)?
0
Let k(h) = 4 - 3*h - 9*h**2 + 121*h**3 + 3 - 122*h**3. What is k(-8)?
-33
Let j(c) = c**2 + c - 6. Let o = 20 - 20. Suppose 12 = -o*k + 2*k - y, y + 19 = 3*k. Suppose -6*h + k*h = 0. What is j(h)?
-6
Let b(u) = -188*u - 1879. Let h be b(-10). Let z(y) = 2*y - 6 - y**2 - 4*y + y**3 - 3 + 10. Determine z(h).
-1
Let n = 149 + -134. Let c(m) = -7*m + 3 + n*m - 7 - 5*m. Calculate c(3).
5
Let z(d) be the third derivative of d**5/30 + 29*d**4/24 + 9*d**3 - 399*d**2 + d. What is z(-12)?
-6
Let r(i) = i**2 + 8*i - 45. Let y be r(-12). Suppose -20 = -3*w + 4*k, 8*w = y*w - 2*k + 42. Let v(x) = x - 6. Determine v(w).
2
Let i = 614 + -605. Let j(l) = -14 + i + 205*l - 196*l. Determine j(2).
13
Let w(q) be the second derivative of q**5/20 + 5*q**4/6 + q**3/2 - 4*q**2 - 431*q + 3. Determine w(-9).
46
Let l(h) be the third derivative of h**3/6 + h**2. Let x(o) = -o - 7. Suppose 30*a = 32*a - 2*v - 4, 4 = 2*a + 2*v. Let r(f) = a*l(f) - x(f). Calculate r(-7).
2
Suppose -15 = -3*c, 3*c - 17 = -w - 0*w. Let l(u) = 2*u - u**w - 2*u - u - 21 - 11*u. Give l(-10).
-1
Let k(i) = 70*i - 366. Let a(c) = 23*c - 110. Let o(f) = 7*a(f) - 2*k(f). What is o(2)?
4
Let i(k) = -k**3 + 5*k**2 - k. Let l(c) = 3*c**2 + 61*c - 42. Let b be l(-21). Let x be 11 + -4 + (-2 - b). Calculate i(x).
-5
Let b(w) = -w + 0 - 4 - 6 + 0*w. Let l be 17 + (-16 - 3) - 9. Determine b(l).
1
Suppose 4*q + 4*w + 12 = 0, 136*w - 21 = 5*q + 135*w. Let j(i) be the third derivative of 0*i + 1/4*i**4 + 5/6*i**3 + 3*i**2 + 0 + 1/60*i**5. Determine j(q).
-3
Suppose r + 295 = 6*r. Suppose 21*v + 67 = -r. Let i(g) = -3*g - 12. Determine i(v).
6
Suppose 22*q = -0*q + 5054 - 5054. Let v(b) be the second derivative of q + 1/4*b**4 + 10*b + 0*b**3 + 1/20*b**5 + 2*b**2. Give v(-3).
4
Let a(d) = 54*d - 484. Let m be (-1)/((-3)/(-15)) + 14. What is a(m)?
2
Let m(k) = -k**3 - 17*k**2 + 111*k + 2. Let z be m(5). Let v(g) = -2*g - g - 4 + 6 + 0. Determine v(z).
-19
Let y(o) = -o**3 - 9*o**2 - 19*o - 2. Let w be y(-5). Let h(s) = 9*s**2 + 24*s + 11. Let i(p) = -4*p**2 - 12*p - 4. Let t(x) = w*i(x) - 3*h(x). What is t(-12)?
-5
Let q(s) = -28*s - 26*s + 6*s**3 + 57*s + 2 - 29*s**3. Give q(-1).
22
Suppose 0 = -o - 44*a + 40*a + 38, -o - 5*a + 42 = 0. Let l(r) = -2*r**3 + 44*r**2 + 20. Calculate l(o).
20
Let y(r) = 21*r - 34*r - 1 + 20*r. Let j be (-3)/(4 - 1)*(4 + -3). What is y(j)?
-8
Let l = 3962 + -3966. Let v(w) = -w**2 - 25*w - 79. What is v(l)?
5
Let g(t) = -t**3 + 6*t**2 - 3*t - 2. Let m(d) = -d**3 + 15*d**2 + 14*d + 37. Let s be m(16). Determine g(s).
8
Let o(l) be the second derivative of l**4/3 - 17*l**3/6 - 5*l**2 - 5*l. Let p be o(18). Let r(t) = -2*t - p + 3*t + 979. Give r(6).
5
Suppose v = -v - 2*q - 20, 0 = -5*v + q - 14. Suppose -2*a + 4*h - 13 = -1, -2*h + 4 = -2*a. Let g(u) = 4*u**2 + 3 + 1 + 2*u**a - 5*u**2 + 6*u. Determine g(v).
-4
Let d(l) = -13*l + 617. Suppose -214 - 210 = -8*s + 5*o, 152 = 3*s - o. Calculate d(s).
-7
Let k(g) = g**3 + g**2 + 2*g + 1. Let v be k(-2). Let y(t) = -5*t - t**3 - 3*t**2 - 33227362125 + 33227362138 - 5*t**2. Give y(v).
-1
Suppose -4*o - 120 = -5*u, 3*u + 4*o - 70 = 6*o. Let x(v) = -v**2 + 3*v - 5. Let d be x(5). Let j = d + u. Let m(k) = -2*k + 5. What is m(j)?
-5
Let q(l) = l**3 - 9*l**2 - 9*l - 24. Suppose 108 + 120 = 28*h - 80. What is q(h)?
119
Let i(v) = 6*v**3 + 62*v**2 + 17*v + 28. Let k(q) = -q**3 - 10*q**2 + q + 1. Let g(a) = -i(a) - 5*k(a). Give g(-10).
-13
Let u(k) = -k**2 + 2*k + 1. Suppose 2*h + 4*z - 10 = 0, -11 = 5*h - 7*h - 5*z. Suppose -t - 19 = -h*t + 5*q, 3*q = -4*t - 27. Give u(t).
-14
Let z(b) = b + 28. Let f = 172 + -166. Suppose 8*s = f*s + 5*s. Calculate z(s).
28
Let r be (27/(-36))/((-2)/16). Suppose -r*b + 180 = -18. Suppose 43 = -w + b. Let n(k) = -k**2 - 12*k - 10. What is n(w)?
10
Let x(j) = 189*j + 220*j - j**2 - 420*j - 12. Calculate x(-7).
16
Let q(o) = -o**2 + 5 + o**2 + o**2 + 6*o. Suppose 31*h + 1691 - 1567 = 0. Let s be q(h). Let w(l) = -2*l. Give w(s).
6
Let w be -7*2/3*(-6)/7. Let c be -1 + (-182)/(-70) + w/10. Let x(g) = 1 + 39*g + 4*g**c - g**3 - 39*g. Calculate x(3).
10
Let b(g) = 2*g**3 + 3*g**2 - 3*g + 4. Let q(k) = -10*k + 83. Let m be q(18). Let z = m + 102. Suppose 5*j + 11 = p - 5, 2*j = -z*p - 1. Determine b(j).
-1